3790641?
1
What is the ten thousands digit of 2842316?
4
What is the units digit of 1822028?
8
What is the ten thousands digit of 248149?
4
What is the hundreds digit of 391919?
9
What is the hundreds digit of 122504?
5
What is the tens digit of 1041754?
5
What is the tens digit of 306363?
6
What is the units digit of 3328841?
1
What is the units digit of 967744?
4
What is the thousands digit of 5027575?
7
What is the hundred thousands digit of 18089055?
0
What is the hundred thousands digit of 1425390?
4
What is the hundred thousands digit of 2466362?
4
What is the hundred thousands digit of 668102?
6
What is the millions digit of 1001478?
1
What is the thousands digit of 228654?
8
What is the hundreds digit of 737061?
0
What is the hundreds digit of 6138497?
4
What is the thousands digit of 328130?
8
What is the hundreds digit of 1247188?
1
What is the hundred thousands digit of 1037091?
0
What is the tens digit of 5727471?
7
What is the millions digit of 13960116?
3
What is the hundred thousands digit of 198024?
1
What is the thousands digit of 307424?
7
What is the units digit of 49843?
3
What is the hundreds digit of 9591989?
9
What is the units digit of 1268386?
6
What is the tens digit of 2102623?
2
What is the tens digit of 542812?
1
What is the ten thousands digit of 92315?
9
What is the tens digit of 8415580?
8
What is the hundreds digit of 284216?
2
What is the hundreds digit of 2792415?
4
What is the hundreds digit of 143444?
4
What is the hundred thousands digit of 160537?
1
What is the thousands digit of 241038?
1
What is the thousands digit of 514175?
4
What is the thousands digit of 816487?
6
What is the tens digit of 146168?
6
What is the ten thousands digit of 9031348?
3
What is the hundred thousands digit of 446712?
4
What is the ten thousands digit of 529966?
2
What is the tens digit of 2029243?
4
What is the tens digit of 580363?
6
What is the thousands digit of 22326795?
6
What is the tens digit of 2565655?
5
What is the tens digit of 38955719?
1
What is the hundreds digit of 1006619?
6
What is the hundred thousands digit of 109264?
1
What is the ten thousands digit of 171316?
7
What is the hundreds digit of 369033?
0
What is the thousands digit of 841584?
1
What is the units digit of 4823125?
5
What is the tens digit of 2782637?
3
What is the tens digit of 74844?
4
What is the hundred thousands digit of 13654974?
6
What is the thousands digit of 1472228?
2
What is the hundreds digit of 14430769?
7
What is the tens digit of 5233?
3
What is the ten thousands digit of 208541?
0
What is the hundreds digit of 65030?
0
What is the units digit of 1446190?
0
What is the tens digit of 66176?
7
What is the units digit of 122713?
3
What is the ten thousands digit of 1022478?
2
What is the ten thousands digit of 61074?
6
What is the hundreds digit of 86184?
1
What is the hundreds digit of 18097?
0
What is the units digit of 718908?
8
What is the units digit of 4934771?
1
What is the ten thousands digit of 680122?
8
What is the hundreds digit of 236636?
6
What is the thousands digit of 263329?
3
What is the hundred thousands digit of 232123?
2
What is the hundred thousands digit of 489611?
4
What is the hundred thousands digit of 2736147?
7
What is the units digit of 29355?
5
What is the ten thousands digit of 292091?
9
What is the hundred thousands digit of 128337?
1
What is the ten thousands digit of 857477?
5
What is the thousands digit of 606960?
6
What is the units digit of 5714453?
3
What is the tens digit of 2736077?
7
What is the units digit of 65275?
5
What is the millions digit of 7807810?
7
What is the hundred thousands digit of 13395494?
3
What is the millions digit of 17509533?
7
What is the ten thousands digit of 10241472?
4
What is the hundreds digit of 194606?
6
What is the ten thousands digit of 1905504?
0
What is the thousands digit of 1271988?
1
What is the thousands digit of 121499?
1
What is the thousands digit of 385827?
5
What is the hundreds digit of 1188642?
6
What is the ten thousands digit of 34714435?
1
What is the units digit of 11770738?
8
What is the hundreds digit of 25425369?
3
What is the hundred thousands digit of 1706960?
7
What is the tens digit of 107016?
1
What is the units digit of 284072?
2
What is the hundred thousands digit of 1315900?
3
What is the hundreds digit of 4058671?
6
What is the thousands digit of 1155112?
5
What is the millions digit of 2676588?
2
What is the tens digit of 244479?
7
What is the millions digit of 1183686?
1
What is the tens digit of 5453?
5
What is the hundred thousands digit of 337311?
3
What is the ten thousands digit of 233576?
3
What is the ten thousands digit of 241817?
4
What is the hundreds digit of 2849245?
2
What is the hundred thousands digit of 116957?
1
What is the ten thousands digit of 3247436?
4
What is the hundred thousands digit of 139653?
1
What is the units digit of 18945269?
9
What is the tens digit of 676179?
7
What is the hundred thousands digit of 2091499?
0
What is the hundreds digit of 2482745?
7
What is the ten thousands digit of 3874925?
7
What is the hundreds digit of 7599549?
5
What is the units digit of 87498?
8
What is the units digit of 1822029?
9
What is the hundreds digit of 1776923?
9
What is the thousands digit of 63036?
3
What is the tens digit of 3014915?
1
What is the hundreds digit of 5930013?
0
What is the ten thousands digit of 203424?
0
What is the hundreds digit of 8817672?
6
What is the tens digit of 395145?
4
What is the ten thousands digit of 991202?
9
What is the tens digit of 3505519?
1
What is the millions digit of 20007014?
0
What is the tens digit of 4925?
2
What is the ten thousands digit of 1094760?
9
What is the ten millions digit of 18266874?
1
What is the ten thousands digit of 2134828?
3
What is the hundreds digit of 9494486?
4
What is the thousands digit of 3027912?
7
What is the millions digit of 9700429?
9
What is the ten thousands digit of 19075?
1
What is the hundred thousands digit of 651763?
6
What is the tens digit of 5640392?
9
What is the hundred thousands digit of 8729353?
7
What is the hundred thousands digit of 5666668?
6
What is the ten thousands digit of 319930?
1
What is the tens digit of 1112965?
6
What is the units digit of 3313469?
9
What is the millions digit of 2059157?
2
What is the ten thousands digit of 15839150?
3
What is the ten thousands digit of 27698275?
9
What is the units digit of 300851?
1
What is the thousands digit of 300366?
0
What is the hundreds digit of 12338637?
6
What is the hundreds digit of 12584902?
9
What is the ten thousands digit of 14099653?
9
What is the millions digit of 1715063?
1
What is the millions digit of 28556301?
8
What is the hundreds digit of 272034?
0
What is the ten thousands digit of 2881162?
8
What is the tens digit of 6994897?
9
What is the thousands digit of 1138171?
8
What is the hundreds digit of 1852981?
9
What is the tens digit of 1579119?
1
What is the hundreds digit of 29272942?
9
What is the millions digit of 1795828?
1
What is the thousands digit of 701720?
1
What is the hundred thousands digit of 15334505?
3
What is the thousands digit of 95989?
5
What is the hundred thousands digit of 219872?
2
What is the units digit of 203746?
6
What is the ten thousands digit of 7448634?
4
What is the hundred thousands digit of 34275611?
2
What is the tens digit of 30195?
9
What is the millions digit of 2590271?
2
What is the units digit of 261166?
6
What is the thousands digit of 789047?
9
What is the millions digit of 3119893?
3
What is the units digit of 1031746?
6
What is the ten millions digit of 11192487?
1
What is the hundred thousands digit of 162401?
1
What is the hundred thousands digit of 489951?
4
What is the units digit of 599077?
7
What is the tens digit of 7080395?
9
What is the tens digit of 47378?
7
What is the ten thousands digit of 35622747?
2
What is the thousands digit of 887583?
7
What is the units digit of 2257429?
9
What is the thousands digit of 217002?
7
What is the tens digit of 739143?
4
What is the tens digit of 1082717?
1
What is the ten thousands digit of 291509?
9
What is the units digit of 11797310?
0
What is the thousands digit of 5884439?
4
What is the tens digit of 154522?
2
What is the thousands digit of 3